{"id":56,"date":"2020-12-21T16:00:53","date_gmt":"2020-12-21T16:00:53","guid":{"rendered":"https:\/\/ferma.cat\/?page_id=56"},"modified":"2021-12-25T11:30:34","modified_gmt":"2021-12-25T10:30:34","slug":"nosaltres","status":"publish","type":"page","link":"https:\/\/ferma.cat\/ar\/nosaltres\/","title":{"rendered":"Nosati"},"content":{"rendered":"<p class=\"has-text-align-left has-very-dark-grey-color has-text-color wp-block-paragraph\" style=\"font-size:14px\"><strong>Ferma \u2013 R\u00f2ba patriota<\/strong>\u00a0s\u00e8m ua firma texila neishuda ena comarca deth Vall\u00e8s, damb l\u2019objectiu d\u2019aufrir productes de dessenhs simples damb un ambient patri\u00f2tic.<\/p>\n\n\n\n<p class=\"has-text-align-left has-very-dark-grey-color has-text-color wp-block-paragraph\" style=\"font-size:14px\">Mos centram en desvolopament continu e era melhora dera qualitat, damb atencion as m\u00e8s minims detalhs.<br>Coma non podie \u00e8ster d\u2019ua auta man\u00e8ra, <strong><a data-type=\"URL\" data-id=\"https:\/\/ferma.cat\/100x100_nacional\" rel=\"noreferrer noopener\" href=\"https:\/\/ferma.cat\/ar\/100x100_nacional\/\" target=\"_blank\">es n\u00f2sti productes son de produccion nacionau<\/a><\/strong>, en tot fomentar eth patriotisme economic e de consum en Catalonha.<\/p>\n\n\n\n<p class=\"has-text-align-left has-very-dark-grey-color has-text-color wp-block-paragraph\" style=\"font-size:14px\">Eth proj\u00e8cte <strong>FERMA<\/strong>, luenh d\u2019aderir-se a plantejaments fascistes o sectaris, non ei afiliat a cap partit politic o associacion. Era n\u00f2sta mission ei prom\u00f2ir un catalanisme combatiu a trau\u00e8s de p\u00e8ces simples m\u00e8s elegantes.<\/p>\n\n\n\n<p class=\"wp-block-paragraph\"><\/p>\n\n\n\n<div class=\"wp-block-image\"><figure class=\"aligncenter size-large is-resized\"><img loading=\"lazy\" decoding=\"async\" src=\"https:\/\/ferma.cat\/wp-content\/uploads\/2020\/12\/logoescuts.png\" alt=\"\" class=\"wp-image-260\" width=\"160\" height=\"109\" srcset=\"https:\/\/ferma.cat\/wp-content\/uploads\/2020\/12\/logoescuts.png 434w, https:\/\/ferma.cat\/wp-content\/uploads\/2020\/12\/logoescuts-300x204.png 300w\" sizes=\"auto, (max-width: 160px) 100vw, 160px\" \/><\/figure><\/div>\n\n\n\n<p class=\"wp-block-paragraph\"><\/p>","protected":false},"excerpt":{"rendered":"<p>Ferma &#8211; Roba patriota\u00a0som\u00a0una firma t\u00e8xtil nascuda a la comarca del Vall\u00e8s, amb l&#8217;objectiu d&#8217;oferir productes de dissenys senzills amb un ambient patri\u00f2tic. Ens centrem&hellip;<\/p>","protected":false},"author":1,"featured_media":1130,"parent":0,"menu_order":0,"comment_status":"closed","ping_status":"closed","template":"","meta":{"footnotes":""},"class_list":["post-56","page","type-page","status-publish","has-post-thumbnail","hentry"],"yoast_head":"<!-- This site is optimized with the Yoast SEO plugin v28.3 - https:\/\/yoast.com\/product\/yoast-seo-wordpress\/ -->\n<title>Nosaltres - Ferma | Roba patriota<\/title>\n<meta name=\"description\" content=\"Ferma\u00a0som\u00a0una firma t\u00e8xtil nascuda a la comarca del Vall\u00e8s, amb l&#039;objectiu d&#039;oferir productes de dissenys senzills amb un ambient patri\u00f2tic.\" \/>\n<meta name=\"robots\" content=\"index, follow, max-snippet:-1, max-image-preview:large, max-video-preview:-1\" \/>\n<link rel=\"canonical\" href=\"https:\/\/ferma.cat\/ar\/nosaltres\/\" \/>\n<meta property=\"og:locale\" content=\"en_US\" \/>\n<meta property=\"og:type\" content=\"article\" \/>\n<meta property=\"og:title\" content=\"Nosaltres - Ferma | Roba patriota\" \/>\n<meta property=\"og:description\" content=\"Ferma\u00a0som\u00a0una firma t\u00e8xtil nascuda a la comarca del Vall\u00e8s, amb l&#039;objectiu d&#039;oferir productes de dissenys senzills amb un ambient patri\u00f2tic.\" \/>\n<meta property=\"og:url\" content=\"https:\/\/ferma.cat\/ar\/nosaltres\/\" \/>\n<meta property=\"og:site_name\" content=\"Ferma\" \/>\n<meta property=\"article:modified_time\" content=\"2021-12-25T10:30:34+00:00\" \/>\n<meta property=\"og:image\" content=\"https:\/\/ferma.cat\/wp-content\/uploads\/2021\/09\/3.jpg\" \/>\n\t<meta property=\"og:image:width\" content=\"2544\" \/>\n\t<meta property=\"og:image:height\" content=\"1840\" \/>\n\t<meta property=\"og:image:type\" content=\"image\/jpeg\" \/>\n<meta name=\"twitter:card\" content=\"summary_large_image\" \/>\n<meta name=\"twitter:label1\" content=\"Est. reading time\" \/>\n\t<meta name=\"twitter:data1\" content=\"1 minute\" \/>\n<script type=\"application\/ld+json\" class=\"yoast-schema-graph\">{\"@context\":\"https:\\\/\\\/schema.org\",\"@graph\":[{\"@type\":\"WebPage\",\"@id\":\"https:\\\/\\\/ferma.cat\\\/nosaltres\\\/\",\"url\":\"https:\\\/\\\/ferma.cat\\\/nosaltres\\\/\",\"name\":\"Nosaltres - Ferma | Roba patriota\",\"isPartOf\":{\"@id\":\"https:\\\/\\\/ferma.cat\\\/#website\"},\"primaryImageOfPage\":{\"@id\":\"https:\\\/\\\/ferma.cat\\\/nosaltres\\\/#primaryimage\"},\"image\":{\"@id\":\"https:\\\/\\\/ferma.cat\\\/nosaltres\\\/#primaryimage\"},\"thumbnailUrl\":\"https:\\\/\\\/ferma.cat\\\/wp-content\\\/uploads\\\/2021\\\/09\\\/3.jpg\",\"datePublished\":\"2020-12-21T16:00:53+00:00\",\"dateModified\":\"2021-12-25T10:30:34+00:00\",\"description\":\"Ferma\u00a0som\u00a0una firma t\u00e8xtil nascuda a la comarca del Vall\u00e8s, amb l'objectiu d'oferir productes de dissenys senzills amb un ambient patri\u00f2tic.\",\"breadcrumb\":{\"@id\":\"https:\\\/\\\/ferma.cat\\\/nosaltres\\\/#breadcrumb\"},\"inLanguage\":\"oc\",\"potentialAction\":[{\"@type\":\"ReadAction\",\"target\":[\"https:\\\/\\\/ferma.cat\\\/nosaltres\\\/\"]}]},{\"@type\":\"ImageObject\",\"inLanguage\":\"oc\",\"@id\":\"https:\\\/\\\/ferma.cat\\\/nosaltres\\\/#primaryimage\",\"url\":\"https:\\\/\\\/ferma.cat\\\/wp-content\\\/uploads\\\/2021\\\/09\\\/3.jpg\",\"contentUrl\":\"https:\\\/\\\/ferma.cat\\\/wp-content\\\/uploads\\\/2021\\\/09\\\/3.jpg\",\"width\":2544,\"height\":1840},{\"@type\":\"BreadcrumbList\",\"@id\":\"https:\\\/\\\/ferma.cat\\\/nosaltres\\\/#breadcrumb\",\"itemListElement\":[{\"@type\":\"ListItem\",\"position\":1,\"name\":\"Inici\",\"item\":\"https:\\\/\\\/ferma.cat\\\/\"},{\"@type\":\"ListItem\",\"position\":2,\"name\":\"Nosaltres\"}]},{\"@type\":\"WebSite\",\"@id\":\"https:\\\/\\\/ferma.cat\\\/#website\",\"url\":\"https:\\\/\\\/ferma.cat\\\/\",\"name\":\"Ferma\",\"description\":\"Roba patriota\",\"publisher\":{\"@id\":\"https:\\\/\\\/ferma.cat\\\/#organization\"},\"potentialAction\":[{\"@type\":\"SearchAction\",\"target\":{\"@type\":\"EntryPoint\",\"urlTemplate\":\"https:\\\/\\\/ferma.cat\\\/?s={search_term_string}\"},\"query-input\":{\"@type\":\"PropertyValueSpecification\",\"valueRequired\":true,\"valueName\":\"search_term_string\"}}],\"inLanguage\":\"oc\"},{\"@type\":\"Organization\",\"@id\":\"https:\\\/\\\/ferma.cat\\\/#organization\",\"name\":\"Ferma\",\"url\":\"https:\\\/\\\/ferma.cat\\\/\",\"logo\":{\"@type\":\"ImageObject\",\"inLanguage\":\"oc\",\"@id\":\"https:\\\/\\\/ferma.cat\\\/#\\\/schema\\\/logo\\\/image\\\/\",\"url\":\"https:\\\/\\\/ferma.cat\\\/wp-content\\\/uploads\\\/2020\\\/12\\\/logoescuts.png\",\"contentUrl\":\"https:\\\/\\\/ferma.cat\\\/wp-content\\\/uploads\\\/2020\\\/12\\\/logoescuts.png\",\"width\":434,\"height\":295,\"caption\":\"Ferma\"},\"image\":{\"@id\":\"https:\\\/\\\/ferma.cat\\\/#\\\/schema\\\/logo\\\/image\\\/\"}}]}<\/script>\n<!-- \/ Yoast SEO plugin. -->","yoast_head_json":{"title":"Nosaltres - Ferma | Roba patriota","description":"Ferma\u00a0som\u00a0una firma t\u00e8xtil nascuda a la comarca del Vall\u00e8s, amb l'objectiu d'oferir productes de dissenys senzills amb un ambient patri\u00f2tic.","robots":{"index":"index","follow":"follow","max-snippet":"max-snippet:-1","max-image-preview":"max-image-preview:large","max-video-preview":"max-video-preview:-1"},"canonical":"https:\/\/ferma.cat\/ar\/nosaltres\/","og_locale":"en_US","og_type":"article","og_title":"Nosaltres - Ferma | Roba patriota","og_description":"Ferma\u00a0som\u00a0una firma t\u00e8xtil nascuda a la comarca del Vall\u00e8s, amb l'objectiu d'oferir productes de dissenys senzills amb un ambient patri\u00f2tic.","og_url":"https:\/\/ferma.cat\/ar\/nosaltres\/","og_site_name":"Ferma","article_modified_time":"2021-12-25T10:30:34+00:00","og_image":[{"width":2544,"height":1840,"url":"https:\/\/ferma.cat\/wp-content\/uploads\/2021\/09\/3.jpg","type":"image\/jpeg"}],"twitter_card":"summary_large_image","twitter_misc":{"Est. reading time":"1 minute"},"schema":{"@context":"https:\/\/schema.org","@graph":[{"@type":"WebPage","@id":"https:\/\/ferma.cat\/nosaltres\/","url":"https:\/\/ferma.cat\/nosaltres\/","name":"Nosaltres - Ferma | Roba patriota","isPartOf":{"@id":"https:\/\/ferma.cat\/#website"},"primaryImageOfPage":{"@id":"https:\/\/ferma.cat\/nosaltres\/#primaryimage"},"image":{"@id":"https:\/\/ferma.cat\/nosaltres\/#primaryimage"},"thumbnailUrl":"https:\/\/ferma.cat\/wp-content\/uploads\/2021\/09\/3.jpg","datePublished":"2020-12-21T16:00:53+00:00","dateModified":"2021-12-25T10:30:34+00:00","description":"Ferma\u00a0som\u00a0una firma t\u00e8xtil nascuda a la comarca del Vall\u00e8s, amb l'objectiu d'oferir productes de dissenys senzills amb un ambient patri\u00f2tic.","breadcrumb":{"@id":"https:\/\/ferma.cat\/nosaltres\/#breadcrumb"},"inLanguage":"oc","potentialAction":[{"@type":"ReadAction","target":["https:\/\/ferma.cat\/nosaltres\/"]}]},{"@type":"ImageObject","inLanguage":"oc","@id":"https:\/\/ferma.cat\/nosaltres\/#primaryimage","url":"https:\/\/ferma.cat\/wp-content\/uploads\/2021\/09\/3.jpg","contentUrl":"https:\/\/ferma.cat\/wp-content\/uploads\/2021\/09\/3.jpg","width":2544,"height":1840},{"@type":"BreadcrumbList","@id":"https:\/\/ferma.cat\/nosaltres\/#breadcrumb","itemListElement":[{"@type":"ListItem","position":1,"name":"Inici","item":"https:\/\/ferma.cat\/"},{"@type":"ListItem","position":2,"name":"Nosaltres"}]},{"@type":"WebSite","@id":"https:\/\/ferma.cat\/#website","url":"https:\/\/ferma.cat\/","name":"Ferma","description":"R\u00f2ba patriota","publisher":{"@id":"https:\/\/ferma.cat\/#organization"},"potentialAction":[{"@type":"SearchAction","target":{"@type":"EntryPoint","urlTemplate":"https:\/\/ferma.cat\/?s={search_term_string}"},"query-input":{"@type":"PropertyValueSpecification","valueRequired":true,"valueName":"search_term_string"}}],"inLanguage":"oc"},{"@type":"Organization","@id":"https:\/\/ferma.cat\/#organization","name":"Ferma","url":"https:\/\/ferma.cat\/","logo":{"@type":"ImageObject","inLanguage":"oc","@id":"https:\/\/ferma.cat\/#\/schema\/logo\/image\/","url":"https:\/\/ferma.cat\/wp-content\/uploads\/2020\/12\/logoescuts.png","contentUrl":"https:\/\/ferma.cat\/wp-content\/uploads\/2020\/12\/logoescuts.png","width":434,"height":295,"caption":"Ferma"},"image":{"@id":"https:\/\/ferma.cat\/#\/schema\/logo\/image\/"}}]}},"_links":{"self":[{"href":"https:\/\/ferma.cat\/ar\/wp-json\/wp\/v2\/pages\/56","targetHints":{"allow":["GET"]}}],"collection":[{"href":"https:\/\/ferma.cat\/ar\/wp-json\/wp\/v2\/pages"}],"about":[{"href":"https:\/\/ferma.cat\/ar\/wp-json\/wp\/v2\/types\/page"}],"author":[{"embeddable":true,"href":"https:\/\/ferma.cat\/ar\/wp-json\/wp\/v2\/users\/1"}],"replies":[{"embeddable":true,"href":"https:\/\/ferma.cat\/ar\/wp-json\/wp\/v2\/comments?post=56"}],"version-history":[{"count":30,"href":"https:\/\/ferma.cat\/ar\/wp-json\/wp\/v2\/pages\/56\/revisions"}],"predecessor-version":[{"id":1697,"href":"https:\/\/ferma.cat\/ar\/wp-json\/wp\/v2\/pages\/56\/revisions\/1697"}],"wp:featuredmedia":[{"embeddable":true,"href":"https:\/\/ferma.cat\/ar\/wp-json\/wp\/v2\/media\/1130"}],"wp:attachment":[{"href":"https:\/\/ferma.cat\/ar\/wp-json\/wp\/v2\/media?parent=56"}],"curies":[{"name":"wp","href":"https:\/\/api.w.org\/{rel}","templated":true}]}}

<p class="has-text-align-left has-very-dark-grey-color has-text-color wp-block-paragraph" style="font-size:14px"><strong>Ferma – Ròba patriota</strong> sèm ua firma texila neishuda ena comarca deth Vallès, damb l’objectiu d’aufrir productes de dessenhs simples damb un ambient patriòtic.</p>



<p class="has-text-align-left has-very-dark-grey-color has-text-color wp-block-paragraph" style="font-size:14px">Mos centram en desvolopament continu e era melhora dera qualitat, damb atencion as mès minims detalhs.<br>Coma non podie èster d’ua auta manèra, <strong><a data-type="URL" data-id="https://ferma.cat/100x100_nacional" rel="noreferrer noopener" href="https://ferma.cat/ar/100x100_nacional/" target="_blank">es nòsti productes son de produccion nacionau</a></strong>, en tot fomentar eth patriotisme economic e de consum en Catalonha.</p>



<p class="has-text-align-left has-very-dark-grey-color has-text-color wp-block-paragraph" style="font-size:14px">Eth projècte <strong>FERMA</strong>, luenh d’aderir-se a plantejaments fascistes o sectaris, non ei afiliat a cap partit politic o associacion. Era nòsta mission ei promòir un catalanisme combatiu a trauès de pèces simples mès elegantes.</p>



<p class="wp-block-paragraph"></p>



<div class="wp-block-image"><figure class="aligncenter size-large is-resized"><img loading="lazy" decoding="async" src="https://ferma.cat/wp-content/uploads/2020/12/logoescuts.png" alt="" class="wp-image-260" width="160" height="109" srcset="https://ferma.cat/wp-content/uploads/2020/12/logoescuts.png 434w, https://ferma.cat/wp-content/uploads/2020/12/logoescuts-300x204.png 300w" sizes="auto, (max-width: 160px) 100vw, 160px" /></figure></div>



<p class="wp-block-paragraph"></p>

<p>Ferma &#8211; Roba patriota som una firma tèxtil nascuda a la comarca del Vallès, amb l&#8217;objectiu d&#8217;oferir productes de dissenys senzills amb un ambient patriòtic. Ens centrem&hellip;</p>

<!-- This site is optimized with the Yoast SEO plugin v28.3 - https://yoast.com/product/yoast-seo-wordpress/ -->
<title>Nosaltres - Ferma | Roba patriota</title>
<meta name="description" content="Ferma som una firma tèxtil nascuda a la comarca del Vallès, amb l&#039;objectiu d&#039;oferir productes de dissenys senzills amb un ambient patriòtic." />
<meta name="robots" content="index, follow, max-snippet:-1, max-image-preview:large, max-video-preview:-1" />
<link rel="canonical" href="https://ferma.cat/ar/nosaltres/" />
<meta property="og:locale" content="en_US" />
<meta property="og:type" content="article" />
<meta property="og:title" content="Nosaltres - Ferma | Roba patriota" />
<meta property="og:description" content="Ferma som una firma tèxtil nascuda a la comarca del Vallès, amb l&#039;objectiu d&#039;oferir productes de dissenys senzills amb un ambient patriòtic." />
<meta property="og:url" content="https://ferma.cat/ar/nosaltres/" />
<meta property="og:site_name" content="Ferma" />
<meta property="article:modified_time" content="2021-12-25T10:30:34+00:00" />
<meta property="og:image" content="https://ferma.cat/wp-content/uploads/2021/09/3.jpg" />
	<meta property="og:image:width" content="2544" />
	<meta property="og:image:height" content="1840" />
	<meta property="og:image:type" content="image/jpeg" />
<meta name="twitter:card" content="summary_large_image" />
<meta name="twitter:label1" content="Est. reading time" />
	<meta name="twitter:data1" content="1 minute" />
<script type="application/ld+json" class="yoast-schema-graph">{"@context":"https:\/\/schema.org","@graph":[{"@type":"WebPage","@id":"https:\/\/ferma.cat\/nosaltres\/","url":"https:\/\/ferma.cat\/nosaltres\/","name":"Nosaltres - Ferma | Roba patriota","isPartOf":{"@id":"https:\/\/ferma.cat\/#website"},"primaryImageOfPage":{"@id":"https:\/\/ferma.cat\/nosaltres\/#primaryimage"},"image":{"@id":"https:\/\/ferma.cat\/nosaltres\/#primaryimage"},"thumbnailUrl":"https:\/\/ferma.cat\/wp-content\/uploads\/2021\/09\/3.jpg","datePublished":"2020-12-21T16:00:53+00:00","dateModified":"2021-12-25T10:30:34+00:00","description":"Ferma som una firma tèxtil nascuda a la comarca del Vallès, amb l'objectiu d'oferir productes de dissenys senzills amb un ambient patriòtic.","breadcrumb":{"@id":"https:\/\/ferma.cat\/nosaltres\/#breadcrumb"},"inLanguage":"oc","potentialAction":[{"@type":"ReadAction","target":["https:\/\/ferma.cat\/nosaltres\/"]}]},{"@type":"ImageObject","inLanguage":"oc","@id":"https:\/\/ferma.cat\/nosaltres\/#primaryimage","url":"https:\/\/ferma.cat\/wp-content\/uploads\/2021\/09\/3.jpg","contentUrl":"https:\/\/ferma.cat\/wp-content\/uploads\/2021\/09\/3.jpg","width":2544,"height":1840},{"@type":"BreadcrumbList","@id":"https:\/\/ferma.cat\/nosaltres\/#breadcrumb","itemListElement":[{"@type":"ListItem","position":1,"name":"Inici","item":"https:\/\/ferma.cat\/"},{"@type":"ListItem","position":2,"name":"Nosaltres"}]},{"@type":"WebSite","@id":"https:\/\/ferma.cat\/#website","url":"https:\/\/ferma.cat\/","name":"Ferma","description":"Roba patriota","publisher":{"@id":"https:\/\/ferma.cat\/#organization"},"potentialAction":[{"@type":"SearchAction","target":{"@type":"EntryPoint","urlTemplate":"https:\/\/ferma.cat\/?s={search_term_string}"},"query-input":{"@type":"PropertyValueSpecification","valueRequired":true,"valueName":"search_term_string"}}],"inLanguage":"oc"},{"@type":"Organization","@id":"https:\/\/ferma.cat\/#organization","name":"Ferma","url":"https:\/\/ferma.cat\/","logo":{"@type":"ImageObject","inLanguage":"oc","@id":"https:\/\/ferma.cat\/#\/schema\/logo\/image\/","url":"https:\/\/ferma.cat\/wp-content\/uploads\/2020\/12\/logoescuts.png","contentUrl":"https:\/\/ferma.cat\/wp-content\/uploads\/2020\/12\/logoescuts.png","width":434,"height":295,"caption":"Ferma"},"image":{"@id":"https:\/\/ferma.cat\/#\/schema\/logo\/image\/"}}]}</script>
<!-- / Yoast SEO plugin. -->

Ferma som una firma tèxtil nascuda a la comarca del Vallès, amb l'objectiu d'oferir productes de dissenys senzills amb un ambient patriòtic.

Ròba patriota
