{"id":378,"date":"2020-12-25T16:53:21","date_gmt":"2020-12-25T15:53:21","guid":{"rendered":"https:\/\/ferma.cat\/?page_id=378"},"modified":"2025-05-08T06:38:40","modified_gmt":"2025-05-08T05:38:40","slug":"enviaments-i-devolucions","status":"publish","type":"page","link":"https:\/\/ferma.cat\/ar\/enviaments-i-devolucions\/","title":{"rendered":"Enviaments e devolucions"},"content":{"rendered":"<p class=\"wp-block-paragraph\"><strong>Enviaments<\/strong><br>Les comandes es processen setmanalment i s&#8217;envien per missatgeria certificada. Rebr\u00e0 un correu de confirmaci\u00f3 quan la seva comanda hagi estat enviada.<\/p>\n\n\n\n<p class=\"wp-block-paragraph\"><em>Pendent es mesi de deseme e g\u00e8r es enterpreses de transp\u00f2rt an f\u00f2r\u00e7a carga de trabalh e es terminis de liurament se p\u00f2den alongar un shinhau, te recomanam que h\u00e8sques es comandes damb prevision.<\/em><\/p>\n\n\n\n<p class=\"wp-block-paragraph\"><strong>Despenuda d\u2019enviament<\/strong><br>Enviament Peninsula 72h (certificat): 5\u20ac<br>Enviament Balears 72h (certificat): 5\u20ac<br>Enviament estandard Union Europ\u00e8a: 15 \u20ac*<\/p>\n\n\n\n<p class=\"wp-block-paragraph\"><em>Per h\u00e8r enviaments deh\u00f2ra de l\u2019Union Europ\u00e8a, met\u2019t en contacte damb nosati a trau\u00e8s deth n\u00f2ste corr\u00e8u electronic:  <a href=\"mailto:contacte@ferma.cat\">contacte@ferma.cat<\/a> <\/em><\/p>\n\n\n\n<p class=\"wp-block-paragraph\"><strong>Devolucions e reclamacions<br><\/strong>Per cambiaments o devolucions contacte damb nosates per corr\u00e8u electronic a <a href=\"mailto:contacte@ferma.cat\">contacte@ferma.cat<\/a><\/p>\n\n\n\n<p class=\"wp-block-paragraph\">Non se cambiar\u00e0 cap producte manipulat peth client ath del\u00e0 dera sua m\u00e8ra comprovaci\u00f3 o s'an passat m\u00e8s de 14 dies naturaus demp\u00fas dera recepcion dera comanda, segons era certificada d\u2019autrege de l\u2019emprenuda de transp\u00f2rts. <\/p>\n\n\n\n<p class=\"wp-block-paragraph\">Ena descripcion deth producte i a era Guida de talhes. S'eth cambiament se gotilh ath h\u00e8t qu'era mesura non li va plan, donques qu'es mesures son indicades ara web, es despenses de l\u2019enviament de retorn e eth nau enviament van t\u00e0 cargue s\u00e8. S'eth cambiament ei per un error n\u00f2ste o per b\u00e8th def\u00e8cte en producte, nosati assumim totes es despenses.<\/p>\n\n\n\n<p class=\"wp-block-paragraph\">En cas des paquets que se p\u00e8rden peth camin, totes es reclamacions s\u2019an d\u2019enviar tostemp abans que se complisquen 1 mes demp\u00fas dera data de liurament estimat. Sajaram res\u00f2lver era incid\u00e9ncia damb l\u2019emprenuda de transp\u00f2rts.<\/p>","protected":false},"excerpt":{"rendered":"<p>EnviamentsLes comandes es processen setmanalment i s&#8217;envien per missatgeria certificada. Rebr\u00e0 un correu de confirmaci\u00f3 quan la seva comanda hagi estat enviada. Durant els mesos&hellip;<\/p>","protected":false},"author":1,"featured_media":0,"parent":0,"menu_order":0,"comment_status":"closed","ping_status":"closed","template":"","meta":{"footnotes":""},"class_list":["post-378","page","type-page","status-publish","hentry"],"yoast_head":"<!-- This site is optimized with the Yoast SEO plugin v28.3 - https:\/\/yoast.com\/product\/yoast-seo-wordpress\/ -->\n<title>Enviaments i devolucions - Ferma<\/title>\n<meta name=\"robots\" content=\"index, follow, max-snippet:-1, max-image-preview:large, max-video-preview:-1\" \/>\n<link rel=\"canonical\" href=\"https:\/\/ferma.cat\/ar\/enviaments-i-devolucions\/\" \/>\n<meta property=\"og:locale\" content=\"en_US\" \/>\n<meta property=\"og:type\" content=\"article\" \/>\n<meta property=\"og:title\" content=\"Enviaments i devolucions - Ferma\" \/>\n<meta property=\"og:description\" content=\"EnviamentsLes comandes es processen setmanalment i s&#8217;envien per missatgeria certificada. Rebr\u00e0 un correu de confirmaci\u00f3 quan la seva comanda hagi estat enviada. Durant els mesos&hellip;\" \/>\n<meta property=\"og:url\" content=\"https:\/\/ferma.cat\/ar\/enviaments-i-devolucions\/\" \/>\n<meta property=\"og:site_name\" content=\"Ferma\" \/>\n<meta property=\"article:modified_time\" content=\"2025-05-08T05:38:40+00:00\" \/>\n<meta name=\"twitter:card\" content=\"summary_large_image\" \/>\n<meta name=\"twitter:label1\" content=\"Est. reading time\" \/>\n\t<meta name=\"twitter:data1\" content=\"2 minutes\" \/>\n<script type=\"application\/ld+json\" class=\"yoast-schema-graph\">{\"@context\":\"https:\\\/\\\/schema.org\",\"@graph\":[{\"@type\":\"WebPage\",\"@id\":\"https:\\\/\\\/ferma.cat\\\/enviaments-i-devolucions\\\/\",\"url\":\"https:\\\/\\\/ferma.cat\\\/enviaments-i-devolucions\\\/\",\"name\":\"Enviaments i devolucions - Ferma\",\"isPartOf\":{\"@id\":\"https:\\\/\\\/ferma.cat\\\/#website\"},\"datePublished\":\"2020-12-25T15:53:21+00:00\",\"dateModified\":\"2025-05-08T05:38:40+00:00\",\"breadcrumb\":{\"@id\":\"https:\\\/\\\/ferma.cat\\\/enviaments-i-devolucions\\\/#breadcrumb\"},\"inLanguage\":\"oc\",\"potentialAction\":[{\"@type\":\"ReadAction\",\"target\":[\"https:\\\/\\\/ferma.cat\\\/enviaments-i-devolucions\\\/\"]}]},{\"@type\":\"BreadcrumbList\",\"@id\":\"https:\\\/\\\/ferma.cat\\\/enviaments-i-devolucions\\\/#breadcrumb\",\"itemListElement\":[{\"@type\":\"ListItem\",\"position\":1,\"name\":\"Inici\",\"item\":\"https:\\\/\\\/ferma.cat\\\/\"},{\"@type\":\"ListItem\",\"position\":2,\"name\":\"Enviaments i devolucions\"}]},{\"@type\":\"WebSite\",\"@id\":\"https:\\\/\\\/ferma.cat\\\/#website\",\"url\":\"https:\\\/\\\/ferma.cat\\\/\",\"name\":\"Ferma\",\"description\":\"Roba patriota\",\"publisher\":{\"@id\":\"https:\\\/\\\/ferma.cat\\\/#organization\"},\"potentialAction\":[{\"@type\":\"SearchAction\",\"target\":{\"@type\":\"EntryPoint\",\"urlTemplate\":\"https:\\\/\\\/ferma.cat\\\/?s={search_term_string}\"},\"query-input\":{\"@type\":\"PropertyValueSpecification\",\"valueRequired\":true,\"valueName\":\"search_term_string\"}}],\"inLanguage\":\"oc\"},{\"@type\":\"Organization\",\"@id\":\"https:\\\/\\\/ferma.cat\\\/#organization\",\"name\":\"Ferma\",\"url\":\"https:\\\/\\\/ferma.cat\\\/\",\"logo\":{\"@type\":\"ImageObject\",\"inLanguage\":\"oc\",\"@id\":\"https:\\\/\\\/ferma.cat\\\/#\\\/schema\\\/logo\\\/image\\\/\",\"url\":\"https:\\\/\\\/ferma.cat\\\/wp-content\\\/uploads\\\/2020\\\/12\\\/logoescuts.png\",\"contentUrl\":\"https:\\\/\\\/ferma.cat\\\/wp-content\\\/uploads\\\/2020\\\/12\\\/logoescuts.png\",\"width\":434,\"height\":295,\"caption\":\"Ferma\"},\"image\":{\"@id\":\"https:\\\/\\\/ferma.cat\\\/#\\\/schema\\\/logo\\\/image\\\/\"}}]}<\/script>\n<!-- \/ Yoast SEO plugin. -->","yoast_head_json":{"title":"Enviaments i devolucions - Ferma","robots":{"index":"index","follow":"follow","max-snippet":"max-snippet:-1","max-image-preview":"max-image-preview:large","max-video-preview":"max-video-preview:-1"},"canonical":"https:\/\/ferma.cat\/ar\/enviaments-i-devolucions\/","og_locale":"en_US","og_type":"article","og_title":"Enviaments i devolucions - Ferma","og_description":"EnviamentsLes comandes es processen setmanalment i s&#8217;envien per missatgeria certificada. Rebr\u00e0 un correu de confirmaci\u00f3 quan la seva comanda hagi estat enviada. Durant els mesos&hellip;","og_url":"https:\/\/ferma.cat\/ar\/enviaments-i-devolucions\/","og_site_name":"Ferma","article_modified_time":"2025-05-08T05:38:40+00:00","twitter_card":"summary_large_image","twitter_misc":{"Est. reading time":"2 minutes"},"schema":{"@context":"https:\/\/schema.org","@graph":[{"@type":"WebPage","@id":"https:\/\/ferma.cat\/enviaments-i-devolucions\/","url":"https:\/\/ferma.cat\/enviaments-i-devolucions\/","name":"Enviaments i devolucions - Ferma","isPartOf":{"@id":"https:\/\/ferma.cat\/#website"},"datePublished":"2020-12-25T15:53:21+00:00","dateModified":"2025-05-08T05:38:40+00:00","breadcrumb":{"@id":"https:\/\/ferma.cat\/enviaments-i-devolucions\/#breadcrumb"},"inLanguage":"oc","potentialAction":[{"@type":"ReadAction","target":["https:\/\/ferma.cat\/enviaments-i-devolucions\/"]}]},{"@type":"BreadcrumbList","@id":"https:\/\/ferma.cat\/enviaments-i-devolucions\/#breadcrumb","itemListElement":[{"@type":"ListItem","position":1,"name":"Inici","item":"https:\/\/ferma.cat\/"},{"@type":"ListItem","position":2,"name":"Enviaments i devolucions"}]},{"@type":"WebSite","@id":"https:\/\/ferma.cat\/#website","url":"https:\/\/ferma.cat\/","name":"Ferma","description":"R\u00f2ba patriota","publisher":{"@id":"https:\/\/ferma.cat\/#organization"},"potentialAction":[{"@type":"SearchAction","target":{"@type":"EntryPoint","urlTemplate":"https:\/\/ferma.cat\/?s={search_term_string}"},"query-input":{"@type":"PropertyValueSpecification","valueRequired":true,"valueName":"search_term_string"}}],"inLanguage":"oc"},{"@type":"Organization","@id":"https:\/\/ferma.cat\/#organization","name":"Ferma","url":"https:\/\/ferma.cat\/","logo":{"@type":"ImageObject","inLanguage":"oc","@id":"https:\/\/ferma.cat\/#\/schema\/logo\/image\/","url":"https:\/\/ferma.cat\/wp-content\/uploads\/2020\/12\/logoescuts.png","contentUrl":"https:\/\/ferma.cat\/wp-content\/uploads\/2020\/12\/logoescuts.png","width":434,"height":295,"caption":"Ferma"},"image":{"@id":"https:\/\/ferma.cat\/#\/schema\/logo\/image\/"}}]}},"_links":{"self":[{"href":"https:\/\/ferma.cat\/ar\/wp-json\/wp\/v2\/pages\/378","targetHints":{"allow":["GET"]}}],"collection":[{"href":"https:\/\/ferma.cat\/ar\/wp-json\/wp\/v2\/pages"}],"about":[{"href":"https:\/\/ferma.cat\/ar\/wp-json\/wp\/v2\/types\/page"}],"author":[{"embeddable":true,"href":"https:\/\/ferma.cat\/ar\/wp-json\/wp\/v2\/users\/1"}],"replies":[{"embeddable":true,"href":"https:\/\/ferma.cat\/ar\/wp-json\/wp\/v2\/comments?post=378"}],"version-history":[{"count":16,"href":"https:\/\/ferma.cat\/ar\/wp-json\/wp\/v2\/pages\/378\/revisions"}],"predecessor-version":[{"id":2396,"href":"https:\/\/ferma.cat\/ar\/wp-json\/wp\/v2\/pages\/378\/revisions\/2396"}],"wp:attachment":[{"href":"https:\/\/ferma.cat\/ar\/wp-json\/wp\/v2\/media?parent=378"}],"curies":[{"name":"wp","href":"https:\/\/api.w.org\/{rel}","templated":true}]}}

<p class="wp-block-paragraph"><strong>Enviaments</strong><br>Les comandes es processen setmanalment i s&#8217;envien per missatgeria certificada. Rebrà un correu de confirmació quan la seva comanda hagi estat enviada.</p>



<p class="wp-block-paragraph"><em>Pendent es mesi de deseme e gèr es enterpreses de transpòrt an fòrça carga de trabalh e es terminis de liurament se pòden alongar un shinhau, te recomanam que hèsques es comandes damb prevision.</em></p>



<p class="wp-block-paragraph"><strong>Despenuda d’enviament</strong><br>Enviament Peninsula 72h (certificat): 5€<br>Enviament Balears 72h (certificat): 5€<br>Enviament estandard Union Europèa: 15 €*</p>



<p class="wp-block-paragraph"><em>Per hèr enviaments dehòra de l’Union Europèa, met’t en contacte damb nosati a trauès deth nòste corrèu electronic:  <a href="mailto:contacte@ferma.cat">contacte@ferma.cat</a> </em></p>



<p class="wp-block-paragraph"><strong>Devolucions e reclamacions<br></strong>Per cambiaments o devolucions contacte damb nosates per corrèu electronic a <a href="mailto:contacte@ferma.cat">contacte@ferma.cat</a></p>



<p class="wp-block-paragraph">Non se cambiarà cap producte manipulat peth client ath delà dera sua mèra comprovació o s'an passat mès de 14 dies naturaus dempús dera recepcion dera comanda, segons era certificada d’autrege de l’emprenuda de transpòrts. </p>



<p class="wp-block-paragraph">Ena descripcion deth producte i a era Guida de talhes. S'eth cambiament se gotilh ath hèt qu'era mesura non li va plan, donques qu'es mesures son indicades ara web, es despenses de l’enviament de retorn e eth nau enviament van tà cargue sè. S'eth cambiament ei per un error nòste o per bèth defècte en producte, nosati assumim totes es despenses.</p>



<p class="wp-block-paragraph">En cas des paquets que se pèrden peth camin, totes es reclamacions s’an d’enviar tostemp abans que se complisquen 1 mes dempús dera data de liurament estimat. Sajaram resòlver era incidéncia damb l’emprenuda de transpòrts.</p>

<p>EnviamentsLes comandes es processen setmanalment i s&#8217;envien per missatgeria certificada. Rebrà un correu de confirmació quan la seva comanda hagi estat enviada. Durant els mesos&hellip;</p>

<!-- This site is optimized with the Yoast SEO plugin v28.3 - https://yoast.com/product/yoast-seo-wordpress/ -->
<title>Enviaments i devolucions - Ferma</title>
<meta name="robots" content="index, follow, max-snippet:-1, max-image-preview:large, max-video-preview:-1" />
<link rel="canonical" href="https://ferma.cat/ar/enviaments-i-devolucions/" />
<meta property="og:locale" content="en_US" />
<meta property="og:type" content="article" />
<meta property="og:title" content="Enviaments i devolucions - Ferma" />
<meta property="og:description" content="EnviamentsLes comandes es processen setmanalment i s&#8217;envien per missatgeria certificada. Rebrà un correu de confirmació quan la seva comanda hagi estat enviada. Durant els mesos&hellip;" />
<meta property="og:url" content="https://ferma.cat/ar/enviaments-i-devolucions/" />
<meta property="og:site_name" content="Ferma" />
<meta property="article:modified_time" content="2025-05-08T05:38:40+00:00" />
<meta name="twitter:card" content="summary_large_image" />
<meta name="twitter:label1" content="Est. reading time" />
	<meta name="twitter:data1" content="2 minutes" />
<script type="application/ld+json" class="yoast-schema-graph">{"@context":"https:\/\/schema.org","@graph":[{"@type":"WebPage","@id":"https:\/\/ferma.cat\/enviaments-i-devolucions\/","url":"https:\/\/ferma.cat\/enviaments-i-devolucions\/","name":"Enviaments i devolucions - Ferma","isPartOf":{"@id":"https:\/\/ferma.cat\/#website"},"datePublished":"2020-12-25T15:53:21+00:00","dateModified":"2025-05-08T05:38:40+00:00","breadcrumb":{"@id":"https:\/\/ferma.cat\/enviaments-i-devolucions\/#breadcrumb"},"inLanguage":"oc","potentialAction":[{"@type":"ReadAction","target":["https:\/\/ferma.cat\/enviaments-i-devolucions\/"]}]},{"@type":"BreadcrumbList","@id":"https:\/\/ferma.cat\/enviaments-i-devolucions\/#breadcrumb","itemListElement":[{"@type":"ListItem","position":1,"name":"Inici","item":"https:\/\/ferma.cat\/"},{"@type":"ListItem","position":2,"name":"Enviaments i devolucions"}]},{"@type":"WebSite","@id":"https:\/\/ferma.cat\/#website","url":"https:\/\/ferma.cat\/","name":"Ferma","description":"Roba patriota","publisher":{"@id":"https:\/\/ferma.cat\/#organization"},"potentialAction":[{"@type":"SearchAction","target":{"@type":"EntryPoint","urlTemplate":"https:\/\/ferma.cat\/?s={search_term_string}"},"query-input":{"@type":"PropertyValueSpecification","valueRequired":true,"valueName":"search_term_string"}}],"inLanguage":"oc"},{"@type":"Organization","@id":"https:\/\/ferma.cat\/#organization","name":"Ferma","url":"https:\/\/ferma.cat\/","logo":{"@type":"ImageObject","inLanguage":"oc","@id":"https:\/\/ferma.cat\/#\/schema\/logo\/image\/","url":"https:\/\/ferma.cat\/wp-content\/uploads\/2020\/12\/logoescuts.png","contentUrl":"https:\/\/ferma.cat\/wp-content\/uploads\/2020\/12\/logoescuts.png","width":434,"height":295,"caption":"Ferma"},"image":{"@id":"https:\/\/ferma.cat\/#\/schema\/logo\/image\/"}}]}</script>
<!-- / Yoast SEO plugin. -->

EnviamentsLes comandes es processen setmanalment i s&#8217;envien per missatgeria certificada. Rebrà un correu de confirmació quan la seva comanda hagi estat enviada. Durant els mesos&hellip;

Ròba patriota
